 k?
7
Let g(i) = -i**3 + 11*i**2 + 2. Let n be g(11). Suppose 4*u + n*k = 36, -2 = -2*u + 2*k + 10. Let p = u - 4. What is the units digit of p?
4
Suppose -5*o + 4 + 21 = -4*v, 10 = -2*v. What is the units digit of (-4)/(o - 3) - -7?
9
Let w(d) = 3*d + 3. Let h be -6*(-4)/8*1. What is the units digit of w(h)?
2
Suppose 3 = -3*r + 12. Suppose r*y = 2*y - 12. What is the units digit of -1*(1 + 0 + y)?
1
What is the hundreds digit of (-2185)/(-15) + (-8)/12?
1
Let y = -191 - -333. What is the tens digit of y?
4
Let m(c) = -c**3 + 7*c**2 - c - 8. Let v be m(7). Let y(g) = g**2 + 7*g. Let h be y(-6). What is the tens digit of (56/h)/(10/v)?
1
Let c = 2 - 27. Let p = c + 60. Suppose -3*r + p = 2*r. What is the units digit of r?
7
Suppose -x - 5*n = -7, 5 = 5*n - 5. Let q = x + 6. Suppose 0 = -g - 2*h + q, 4*g + 4*h - 27 = 1. What is the tens digit of g?
1
Let c(f) = f**2 - f + 1. Let b be c(-2). Let q be (6/(-4))/(6/(-32)). What is the units digit of (b/4)/(2/q)?
7
Let a = 63 + -31. What is the tens digit of a?
3
Suppose -4*n = 2 - 6. Suppose 1 = x - n. What is the units digit of x?
2
Suppose 3*q - 158 = -4*h - 6, 0 = 5*q - 2*h - 236. What is the units digit of q?
8
What is the units digit of 70*14/4*36/42?
0
Suppose 2*a + 4*l = a - 3, 0 = -a - l + 9. Let d(h) = -h + 18. Let m be d(a). Let o = m + 1. What is the units digit of o?
6
Let l(c) be the first derivative of c**4/4 - 2*c**3/3 - 4. What is the units digit of l(3)?
9
Suppose 352 = 8*b - 864. What is the tens digit of b?
5
Let n(c) = -c**2 - 7*c + 10. Suppose 2*l - 3 = 3. Suppose -l*o - 12 - 9 = 0. What is the tens digit of n(o)?
1
Suppose -i + 4*o = -16, -4*o + 3 = -3*i - 9*o. Suppose -5*j + 4*j = -i. What is the units digit of j?
4
What is the tens digit of ((-8)/16)/(2/(-128))?
3
Let z = -1 - -10. Suppose 2*f - 1 - z = 0. Suppose -101 = -f*c - 6. What is the tens digit of c?
1
Let x be 8/(-12)*9/(-2). Suppose 3*y - 4*y + x*n = -1, -3*y = -5*n + 1. What is the tens digit of y/((-4)/(-102)*-3)?
1
Let y(t) = -3*t + 77. What is the hundreds digit of y(-12)?
1
Suppose 0*z - 3*v - 42 = -z, -4*v = z - 42. What is the units digit of z?
2
Let l be (-8)/4*-1*2. Suppose -27 = -5*a - u, 2*a - 2*u = -7*u - 3. What is the units digit of 28/a - l/6?
4
Let m(a) = -4*a**2 + 15*a - 2. Let s(x) = 3*x**2 - 14*x + 3. Let y(j) = 4*m(j) + 5*s(j). What is the units digit of y(-10)?
7
Suppose 2*s = -3*u + 2*u + 42, u - 20 = -s. Suppose 4*w = -5*x - s, -x - 2*w - 2 = -0*w. Let g(c) = c**2 + 4*c + 9. What is the tens digit of g(x)?
2
Let z(p) = -p**3 - 13*p**2 - 2*p + 19. What is the units digit of z(-13)?
5
Suppose 23 = 3*p - 118. What is the tens digit of p?
4
What is the tens digit of 82 - (1 + 0 - 4)?
8
Suppose 5*r - 2*i = 57, 5*i - 30 - 20 = -5*r. Let l = r + -40. Let h = -20 - l. What is the units digit of h?
9
Let h = 251 - 127. What is the tens digit of h?
2
Let a(i) = i**3 + 7*i**2 - 9*i - 10. What is the tens digit of a(-7)?
5
Let x(y) = -14*y**3 + 3*y**2 - y + 6. What is the tens digit of x(-3)?
1
Let z = -25 + 30. Suppose -3*x - z*a = -112, -x - 140 = -4*x + 2*a. What is the tens digit of x?
4
Let d be 374/8 + (-5)/(-20). What is the units digit of (d/3)/(7/21)?
7
Let p be (-3 - 1)*2/(-4). Suppose 2*r + d - 36 = 0, 7*r - p*r - 3*d = 79. What is the tens digit of r?
1
Let r(s) = s. Let k = 3 + -4. Let c be 2 + k + 0 - 0. What is the units digit of r(c)?
1
Suppose -2*v + 48 = -18. What is the tens digit of v?
3
Let c(v) = 2*v + 1. Let i be c(-1). Let f be 30/9 + i/3. Suppose -4*d = 5*r - 17, 9 = 4*r + f*d - 4. What is the units digit of r?
1
Let x = -1 - 0. Let k(m) be the first derivative of 5*m**3/3 - 27. What is the units digit of k(x)?
5
Suppose 0*h = 5*h - 995. What is the tens digit of h?
9
Suppose 0 = -2*s - 2*s + 8. Suppose -2*i - s + 6 = 0. What is the units digit of i?
2
Let z = 460 + -315. What is the hundreds digit of z?
1
Let c(r) = 91*r**2 + r - 2. What is the units digit of c(1)?
0
Suppose 7*m + 1 - 15 = 0. What is the units digit of m?
2
Suppose -v + 37 - 169 = -4*w, 2*w - 3*v - 56 = 0. Suppose 2*g - w = -0*g. What is the units digit of g?
7
Let s(n) = -2*n - 3. Let t be s(-5). Suppose -3*g = z - 38 - t, 5*g + 125 = 5*z. What is the units digit of (-6)/z + (-72)/(-10)?
7
Suppose 6*r - 3*r - 9 = 0. Suppose 3*f + f - 20 = -5*x, -r*x = 5*f - 25. Suppose 12 = -g - f*z, -3 = 2*g + z + 2*z. What is the units digit of g?
3
Let a be 5/(-15)*(1 - 76). Suppose 3*m - m = 3*u - a, -2*m = u + 5. What is the units digit of -4 - m - (1 + -1)?
1
Let v = -5 - -8. What is the units digit of (9/v - -8)/1?
1
Suppose -4*y + 6*y - 70 = 0. What is the units digit of y?
5
Let f = -2 + 4. Let j = f + -3. Let w(l) = 7*l**2 + l + 1. What is the units digit of w(j)?
7
Suppose -3 - 2 = -5*r. Let i(q) = q + q**2 + r + 3 - 3. What is the units digit of i(2)?
7
Let r be (-123)/39 + 4/26. What is the tens digit of 3/((r/(-8))/3)?
2
Let y = 8 - 6. Let g(w) = 3*w**3 + 9*w**2 + 7*w + 5. Let l(n) = n**3 + 4*n**2 + 3*n + 2. Let a(k) = y*g(k) - 5*l(k). What is the units digit of a(3)?
6
Let b = 98 + -59. What is the tens digit of b?
3
Let c(v) = 3*v**3 - 2*v + 3 - 2 - v. Let b be c(2). Let t = b + -11. What is the units digit of t?
8
Let b(x) = -x**2 + 19*x + 21. What is the tens digit of b(16)?
6
Suppose 4*u + 4*x - 623 = -107, 4*u - x - 496 = 0. What is the units digit of u?
5
Let l be 2/(-9) - 350/45. Let t = 12 + l. Suppose -q = 2 - t. What is the units digit of q?
2
Suppose 4*g - 7*g + 12 = 0. Suppose 0 = -g*w + 3 + 5. What is the units digit of w?
2
Suppose 2 = x - 0*x. Let m(k) = 0*k + 0*k + 4*k + 2. What is the tens digit of m(x)?
1
Suppose -5*z + 7 + 3 = 0, 0 = -4*w - 2*z + 140. What is the tens digit of w?
3
Let f(n) = -n**2 - n - 8. Let b be f(0). Let d = b + 13. Suppose d*j - 2*j + h = 24, 5*h = j - 24. What is the units digit of j?
9
Let x = 114 - 61. What is the tens digit of x?
5
Let d(j) = j**2 - 9*j + 14. Let u be d(7). Suppose u = 4*s - 2 - 6, -3*p - 3*s = -45. What is the tens digit of p?
1
Let s(o) = -5*o**2 - 3*o + 4. Let a be s(3). Let r be -9*(a/3)/(-5). What is the units digit of 4/(-10) + (-42)/r?
1
Let i(j) = -2*j - 3. Let f be i(-5). Suppose -50 = 2*o - f*o. What is the units digit of o?
0
Let i be -6 + 9 + (-1 - -1). Suppose 0 = -i*f - k + 3 + 5, 4*f + 2*k = 8. What is the units digit of f?
4
Suppose 276 = -10*c + 13*c. What is the units digit of c?
2
Suppose -3*k - 5 + 14 = 0. Suppose 0 = s + k*s + 12. Let q = s - -7. What is the units digit of q?
4
Let w(q) = 3 + 3*q**3 - 2*q**3 - 2*q**3 + 3*q. Let t = 5 - 7. What is the units digit of w(t)?
5
Let b(h) = -2*h - 9. Let x(u) = -u**3 - u**2 - 7. Let j be x(0). Let y be b(j). Suppose y*c = -4*i + c + 80, 5*c = -4*i + 80. What is the tens digit of i?
2
Suppose -5*o = k - 114, 0 = -k - 0*k - o + 94. What is the tens digit of k?
8
Let b(n) = -4*n**2 - 5*n - 6. Let c(q) = 3*q**2 + 6*q + 7. Let i(g) = -2*b(g) - 3*c(g). What is the units digit of i(-6)?
3
Let x = -11 - -20. Suppose 5*w = -5*i + 70, -2*w + i + 37 - x = 0. Suppose -y = y - w. What is the units digit of y?
7
What is the units digit of ((-14*1)/(-2))/1?
7
Let l(b) = -b**2 + 18*b + 18. What is the units digit of l(11)?
5
Let m(p) = 3*p**2 - 2*p - 3. Let n be m(-1). Let z(k) = -k - 4. Let c be z(-4). Suppose c = -n*f - f + 18. What is the units digit of f?
6
Let t(x) be the second derivative of x**4/6 + x**3/3 - 11*x**2/2 + 6*x. What is the units digit of t(5)?
9
Let l(x) = 3*x - 1. Let h be 1/2*2 + 3. Let a be l(h). Suppose 4*k - a - 29 = 0. What is the units digit of k?
0
Suppose -2*m = -0 - 4. Let h(y) be the first derivative of 3*y**2/2 + y + 1. What is the units digit of h(m)?
7
Suppose -2*f - 8 + 30 = 0. What is the tens digit of f?
1
Suppose 2*x - 40 = 4*k, 3*k - 1 = -13. What is the tens digit of x?
1
Let m be (3 - -4) + 1 + -1. Suppose m = 3*f - 5*h, 0 = 2*f - 4*h - 2 - 0. What is the units digit of f?
9
Let p(f) = -16*f**3 + f**2. What is the tens digit of p(-1)?
1
Let z(f) = f**2 - f + 10. Let k be z(0). Let i = k + -3. What is the units digit of i?
7
Suppose -6*h + 2*h - 1 = -a, -1 = -a. Suppose 0 = g + 5*c + 1 - 22, h = 3*c - 12. What is the units digit of g?
1
Let d(x) be the first derivative of x**3/3 + x**2/2 + 4*x + 2. Let w be (8/12)/2*9. What is the tens digit of d(w)?
1
Supp